4 - (237 + -250)?
-76
What is 2 - (47 + -85) - (3 + -6 + 8 - -2)?
33
Evaluate 11 - (18 + (-6 + -11 - -8) + 2) - 7.
-7
-7 - -1 - (-52 - (22 - 68))
0
Evaluate (12 - (5 - 9)) + -31 + 64.
49
8 - (3 + (122 - (-1 + 8)) + (-2 - 7))
-101
65 - (12 + 5 + 26 - 32)
54
What is the value of -30 + -22 - (-80 + 69)?
-41
What is the value of 12 + -60 - -15 - -14?
-19
What is the value of (5 - 14 - -6) + -1 + (58 - 53)?
1
Evaluate 13 + 130 + -135 + 15.
23
-2 + -5 - (-44 - 30 - -60) - (130 - 4)
-119
What is -20 + (17 - (-20 + -11))?
28
Evaluate -1 + -1 - (14 + 9 + -9 + 20).
-36
Calculate 4 - 2 - (5 + -5 + 10 - -23).
-31
What is the value of 25 + (-90 - -69 - (-1 - 39))?
44
Calculate 16 + (138 + -126 + (-7 - 2) - -8).
27
What is the value of (49 - 15) + -1 + (2 - -16)?
51
Calculate 96 + -64 + 70 + -25.
77
What is 4 + -2 + 0 - (-535 + 543)?
-6
What is the value of 107 + (18 - (-23 + (-31 - -93))) - (1 - -12)?
73
Evaluate 38 + 4 - (272 + -253).
23
Evaluate 55 - -20 - (-14 - -51).
38
Evaluate 77 - (-11 - (-88 + 74)).
74
Evaluate (19 - (-28 - (23 + -29))) + (4 - 0).
45
Calculate 5591 - 5619 - (-20 + -1).
-7
Calculate -10 + -3 - (-2 - 3 - (-2 + -12 + 12)).
-10
What is 29 - (-34 + 84) - 21?
-42
What is (46 + -45 + -22 - (7 - 1)) + 7?
-20
What is (21 - -1) + -147 + 95?
-30
-6 - -17 - 6 - (-39 + 10)
34
What is 0 - (-46 - (-25 - (2 - 12)))?
31
23 - (9 - (-169 - -111))
-44
Calculate -22 + 3 - (-61 - (-25 - 45)).
-28
Evaluate -3 - -15 - (-24 + (42 - 22) - 5).
21
What is -3 + (-8 - (52 + -63) - (-1 + (1 - 1)))?
1
What is the value of (-2 - -15 - (9 + -2 + 19)) + 18?
5
What is -13 + 18 + (-2 + 13 - (-12 - -6))?
22
Calculate -87 + 73 - (7 + -12 - -3).
-12
-52 + 113 + -51 + 12 + -2
20
Calculate 10 + 34 + 4 + (-41 - -9).
16
What is the value of (-50 - -49) + 8 + 59?
66
Evaluate -355 + 357 - ((1 - 5) + 5 + 43).
-42
What is the value of 11 + (49 - -50) + -57?
53
-4 + 46 - (5 - (5 - 3) - 7)
46
Calculate 71 - (-7 - -3 - -1) - 0 - (-872 + 873).
73
What is 2 + -1 - (-301 - -263)?
39
What is the value of 65 - (-15 + 18 + -9 + 2 + -6)?
75
Evaluate (-9 - ((-3 - -2) + 1 + (79 - 100))) + 4.
16
(-20 - -10) + (-23 - -36) - 11
-8
What is (-5 - (-10 - -18)) + 14 + 3 - 6?
-2
Calculate -29 + (-72 - -47) + 74 + (-50 - 0).
-30
Evaluate 11 + 1337 + -1236 + (1 + -6 - -1).
108
What is the value of 94 + (-12 - 20) - -63?
125
Evaluate 34 + 16 + 5 + -39 + -11 + 64.
69
What is 1 + -19 + (-20 - -37) - 1?
-2
Calculate -85 - (-146 - (95 + -69)).
87
Evaluate 65 - (107 - (-25 - -10)).
-57
Calculate (25 - 2) + 12 + 2 + (-14 - -8).
31
What is the value of -13 + (-30 - -57) + -15?
-1
Calculate (53 - (68 - 19)) + 32.
36
What is the value of 74 + -1 - (-1730 - -1820)?
-17
(-1 - (-10 - 2)) + (-69 + 21 - -43)
6
What is the value of 50 - (-30 + 17) - (6 + -29 + 16)?
70
13 - (-46 - -30) - 53 - -24
0
Calculate 8 + (9 + (-42 - 10) - 4).
-39
-18 - (-35 + 6 + 1 + (20 - 25))
15
Evaluate 9 + -14 + (20 + -20 - 6).
-11
Calculate -45 + (167 - (13 - -1 - -23)).
85
What is the value of (762 - 679 - (-1 + (2 - (-3 + 2)))) + 9?
90
What is 15 + (-21 - (-2 + -6) - 10) - (-106 + 0)?
98
Calculate (27 - 52) + 48 - 67.
-44
(10 + -3 - (1 - 1)) + (-12 + -47 - -41)
-11
-21 + (-15 - -18 - (-13 + 4)) + 19 + -8
2
What is the value of 17 + -6 - 7 - (57 - (-17 + 32))?
-38
What is the value of 98 + -82 + (-22 - (2 + -5)) - 51?
-54
-308 + 333 - (6 - 45)
64
What is -2 - (-5 + 8 + 21 + -17 + 8)?
-17
Evaluate (-15 + -5 - -19) + 54 + -10.
43
What is -44 - (-17 + 25) - (8 - 18)?
-42
Calculate 19 + -12 + 17 + -25 - -47.
46
Calculate -12 + 10 + (7 - -12) - 16.
1
-95 + -3 - (1 + 21 + -109 + 54 + 42)
-107
What is (-106 - -150) + ((0 - -6) + -23 - -6 - -4)?
37
Calculate -42 + -46 + 28 - -58.
-2
What is the value of -79 - -14 - (100 + -127)?
-38
(2 - 95) + (146 - 88)
-35
What is -34 + -30 + 87 + 0 + 0?
23
(9 + -4 + 2 - (-42 - -32)) + -49
-32
Evaluate -51 + (-9 - -121) + -85.
-24
-67 + 101 + -127 + 72
-21
Calculate 1 + -3 + (-1245 - -1291).
44
Calculate -16 - (-31 + -20) - 43.
-8
What is (6 - 21) + (38 - 42) + 39?
20
What is the value of (-16 - ((17 - 3) + -21)) + 6 + (-3 - -2)?
-4
Evaluate 14 + (-4 - 0 - (-287 + 279)).
18
What is 1 + -29 - (-11 + (23 - 10))?
-30
What is the value of (7 - (15 - (7 + -6))) + -57 + (3 - -15)?
-46
(-20 - (20 + -50) - 16) + 31
25
What is the value of 25 + (-15 - 29) - 21 - 10?
-50
What is 23 + (16 - 44) + 56?
51
Evaluate -64 - (-3 + (7 - -23) + -9 + -11).
-71
-10 + 2 - ((184 - 196) + (0 - -6)) - -6
4
What is -1 + 0 + 11 - (-24364 + 24391)?
-17
What is 23 + -43 + 5 - 18?
-33
6 + (9 - 14) + (-4 - (15 + 2 - -98))
-118
Evaluate (94 - 85) + -69 + (-13 + 10 - (-3 - 0)).
-60
Calculate (1 - -4) + -3 + -5 + -109 + 88.
-24
Evaluate (-2345 - -2353) + (1 - (0 + 13)).
-4
What is (50 - 63) + (0 - 4 - 1 - -3)?
-15
58 - (28 + -40 + 54)
16
What is (36 - (5 - 19 - -15 - 4)) + 0 + -11?
28
Evaluate (27 - (-7 + 18) - -41) + (-3 - -3 - 0).
57
What is the value of 150 + -140 + 0 + 82?
92
What is the value of -55 + 18 + -36 + -11 + 2?
-82
Calculate 108 - (14 + (-5 - -1) + -2 + -6).
106
What is (-75 + -13 + -1 + -44 + 58 - -13) + 6?
-56
What is 304 - 246 - (103 - -7)?
-52
Calculate 82 + -75 + (32 - 2) - -1.
38
Evaluate (0 - 30) + (6166 - 6133).
3
What is 1 - (17 - 7) - (0 + -9)?
0
What is the value of 38 - ((416 - 401) + (-1 - (3 + 0)))?
27
-13 + 35 + (-26 + -10 - -164)
150
What is the value of -30 - (22 + -106 - -130)?
-76
Evaluate 0 + 2 + 1 - ((-3 - -13 - -10) + -16).
-1
What is the value of -30 - (-11 + (-7 - 0) + (53 - 48))?
-17
Evaluate -43 - ((2 - 4) + (-126 - -104)).
-19
What is -80 - -3 - (-40 + 8 - -45 - 1)?
-89
Evaluate -11 + (41 + -43 - (-91 + 12)).
66
What is -3 + (-3 - (-1 - 1)) + (5 - -3 - -4)?
8
56 - ((13 - -137) + -17)
-77
-160 - (46 + -134) - 50
-122
What is (41 - 20 - (6 - 2)) + 41 + -29?
29
What is 1 + 1 - (-11 - 25) - (19 - (47 + -17))?
49
What is the value of 4 + -9 - (1 - 27) - (552 + -562)?
31
Calculate 3 - 151 - (-56 + (31 - 3)).
-120
Calculate -40 + (202 - 111) + -18.
33
Calculate -30 + -33 - (-229 - -204).
-38
Calculate -172 + (-35 - -58) + 39 + 3 + -8.
-115
Calculate 22 - ((-91 - -197) + -14).
-70
156 - ((154 - 6) + -69)
77
Evaluate -20 + 34 + -12 + -17 - 0.
-15
What is 112 - (-665 + 669 + (-2 - -32))?
78
(-7 - 1) + (-241 - -83) + 155
-11
Calculate 34 + 44 + -70 + -13.
-5
Calculate -19 - (-3 - (70 - 114)).
-60
What is 56 + (-47 - -9) + 20 + 0?
38
Evaluate -31 + (78 - 38) + (-16 - -2) + -1 + 10.
4
-88 + (55 + -28 + 11 - 21)
-71
(0 + -75 + -1 - 0) + (206 - (671 - 477))
-64
What is the value of -34 + 4 - (23 + -25)?
-28
-50 + (-21 - 1) - -24
-48
What is -5 - ((-9 - (2 + -16)) + 5) - -12 - -17?
14
What is the value of 0 - (-9 - (6 + -7 - 28))?
-20
-43 + 40 - (-97 - -82)
12
What is the value of -177 + 162 + -3 + 23 + -9?
-4
What is 14 + 0 + (-4 - -2 - -21) + -7?
26
What is -41 - ((-3 - -11) + (-1 + 7 + 0 - 6))?
-49
What is the value of -532 - -536 - (-29 + (-1 - (0 - 4)))?
30
What is (24 - -2) + (-208 - (77 - 216))?
-43
22 - (-5 + -1 - (-49 - -58)) - (-9 + -2)
48
-24 + -18 - (-77 + 52 - 103)
86
What is 16 + (28 - 63) + 34 + 11?
26
Calculate -31 + -1 + -10 - -15 - 20.
-47
What is the value of -17 - (-32 - (-4 - -44))?
55
Calculate -92 - -91 - (16 - 0).
-17
What is -1 + -1 + 97 + (363 - 382 - (0 - 16))?
92
What is (-25 - (4 - 0)) + 16 + (-34 - (-51 - -31))?
-27
What is the value of (42 - 3) + (3835 - 3805)?
69
Calculate -9 - -32 - (11 - -5) - -38.
45
Evaluate 5 - (-136 + 62) - 38.
41
Calculate 11 + 34 - 75 - -115.
85
What is (-3 - 8) + (-8 - -14 - 4 - -51)?
42
Evaluate -33 + 181 + 33 + 20 + -67.
134
What is the value of 87 + ((17 - 14) + 4 - (20 - 6 - -3))?
77
Calculate 31 + -42 + -19 + -50.
-80
Evaluate 63 + -43 - (0 + 62).
-42
What is (-107 - (-359 - -270)) + -46 + 1 + 0?
-63
Calculate (-3 + 2 - 108) + (-7 - (-38 + 40)).
-118
Calculate 1 - -4 - (19 - -6) - (23 - (33 - 0)).
-10
What is the value of 10 - (-28 + (18 - -4) - -19)?
-3
-128 + 3 - (5792 - 5864)
-53
-17 + 28 + (30 - 42) - 29
-30
What is the value of 1 - -21 - (15 - (-27 + 55 - 5))?
30
Calculate -13 + 27 + -3 - (1 - ((0 - -8) + 2)).
20
What is -6285 + 6271 + (63 - 0)?
49
What is -17 + (16 - (36 + -24)) + (110 - 0)?
97
Calculate -16 - 103 - -12 - (-5 - (7 + 10 + -17)).
-102
What is the value of 27 + (-13 - (-17 + 29)) + (-2 - 1)?
-1
-3 + (-21 - (-16 + -18))
10
Evaluate 